{"id":563,"date":"2022-05-24T15:45:43","date_gmt":"2022-05-24T13:45:43","guid":{"rendered":"http:\/\/the-pretty-young-theater.ch\/?page_id=563"},"modified":"2025-12-15T12:18:09","modified_gmt":"2025-12-15T11:18:09","slug":"a-laffiche","status":"publish","type":"page","link":"https:\/\/the-pretty-young-theater.ch\/","title":{"rendered":"Accueil"},"content":{"rendered":"<p style=\"text-align: center;\"><span style=\"color: #000000;\"><strong>Bonjour et bienvenue<\/p>\n<p><\/strong><\/span><\/p>\n<p>sur ce site d\u00e9di\u00e9 au th\u00e9\u00e2tre.<br \/>\nL&rsquo;initiative de cette <img loading=\"lazy\" decoding=\"async\" class=\" wp-image-852 alignright\" src=\"https:\/\/the-pretty-young-theater.ch\/wp-content\/uploads\/2025\/12\/pyt_2020_01_qr.png-scaled-e1765796989954-944x1024.jpg\" alt=\"\" width=\"210\" height=\"228\" srcset=\"https:\/\/the-pretty-young-theater.ch\/wp-content\/uploads\/2025\/12\/pyt_2020_01_qr.png-scaled-e1765796989954-944x1024.jpg 944w, https:\/\/the-pretty-young-theater.ch\/wp-content\/uploads\/2025\/12\/pyt_2020_01_qr.png-scaled-e1765796989954-277x300.jpg 277w, https:\/\/the-pretty-young-theater.ch\/wp-content\/uploads\/2025\/12\/pyt_2020_01_qr.png-scaled-e1765796989954-768x833.jpg 768w, https:\/\/the-pretty-young-theater.ch\/wp-content\/uploads\/2025\/12\/pyt_2020_01_qr.png-scaled-e1765796989954-1416x1536.jpg 1416w, https:\/\/the-pretty-young-theater.ch\/wp-content\/uploads\/2025\/12\/pyt_2020_01_qr.png-scaled-e1765796989954-1080x1171.jpg 1080w, https:\/\/the-pretty-young-theater.ch\/wp-content\/uploads\/2025\/12\/pyt_2020_01_qr.png-scaled-e1765796989954.jpg 1810w\" sizes=\"(max-width: 210px) 100vw, 210px\" \/>activit\u00e9 a \u00e9t\u00e9 induite par une longue exp\u00e9rience de th\u00e9\u00e2tre et de sc\u00e8ne, qui a commenc\u00e9 tr\u00e8s jeune.<\/p>\n<p>Maintenant s&rsquo;est manifest\u00e9e l&rsquo;envie de la partager et d&rsquo;en faire profiter les jeunes et les adultes.<\/p>\n<p>Depuis septembre 2023, une session adulte a \u00e9t\u00e9 ouverte !<\/p>\n<p>Dans le cadre de ces ateliers, il est question de cr\u00e9ativit\u00e9 inventivit\u00e9 expression de donner libre cours \u00e0 son imagination, ses envies <em>dans le but de<\/em> s&rsquo;ext\u00e9rioriser inventer apprendre appr\u00e9hender vivre des \u00e9motions etc&#8230; dans des exercices et spectacles vivants o\u00f9 rien n&rsquo;est fig\u00e9, tout change tout le temps &#8211; comme dans la vie&#8230; en somme !<\/p>\n<p>Apprendre Confiance en soi Oser, s&rsquo;identifier cr\u00e9er son identit\u00e9 propre&#8230; Se l&rsquo;approprier.<\/p>\n<p>Nombreuses sont \u00a0les \u00e9tapes \u00e0 passer, surmonter, surpasser comme<\/p>\n<p>Vaincre sa peur par la confiance en soi<\/p>\n<p>Oser car le ridicule ne tue pas<\/p>\n<p>S&rsquo;exprimer en public<\/p>\n<p>Jouer, incarner un personnage<\/p>\n<p>S&rsquo;approprier le r\u00f4le pour atteindre son objectif<\/p>\n<p>Le jeu, par la transmission d&rsquo;\u00e9motions<\/p>\n<p>Partage de sensations et sentiments<\/p>\n<p>Communication avec le public pour emmener le spectateur par les com\u00e9diens dans l&rsquo;histoire cont\u00e9e.<\/p>\n<p>Au plaisir de vous accueillir pour d\u00e9buter un atelier ou \u00e0 l&rsquo;une de nos productions th\u00e9\u00e2trale.<\/p>\n<p>Que le spectacle commence&#8230;<\/p>\n","protected":false},"excerpt":{"rendered":"<p>Bonjour et bienvenue sur ce site d\u00e9di\u00e9 au th\u00e9\u00e2tre. L&rsquo;initiative de cette activit\u00e9 a \u00e9t\u00e9 induite par une longue exp\u00e9rience de th\u00e9\u00e2tre et de sc\u00e8ne, qui a commenc\u00e9 tr\u00e8s jeune. Maintenant s&rsquo;est manifest\u00e9e l&rsquo;envie de la partager et d&rsquo;en faire profiter les jeunes et les adultes. Depuis septembre 2023, une session adulte a \u00e9t\u00e9 ouverte &hellip; <\/p>\n<p class=\"link-more\"><a href=\"https:\/\/the-pretty-young-theater.ch\/\" class=\"more-link\">Continuer la lecture<span class=\"screen-reader-text\"> de &laquo;&nbsp;Accueil&nbsp;&raquo;<\/span><\/a><\/p>\n","protected":false},"author":2,"featured_media":0,"parent":0,"menu_order":0,"comment_status":"closed","ping_status":"closed","template":"","meta":{"_et_pb_use_builder":"off","_et_pb_old_content":"","_et_gb_content_width":"","footnotes":""},"class_list":["post-563","page","type-page","status-publish","hentry"],"jetpack_sharing_enabled":true,"_links":{"self":[{"href":"https:\/\/the-pretty-young-theater.ch\/index.php?rest_route=\/wp\/v2\/pages\/563","targetHints":{"allow":["GET"]}}],"collection":[{"href":"https:\/\/the-pretty-young-theater.ch\/index.php?rest_route=\/wp\/v2\/pages"}],"about":[{"href":"https:\/\/the-pretty-young-theater.ch\/index.php?rest_route=\/wp\/v2\/types\/page"}],"author":[{"embeddable":true,"href":"https:\/\/the-pretty-young-theater.ch\/index.php?rest_route=\/wp\/v2\/users\/2"}],"replies":[{"embeddable":true,"href":"https:\/\/the-pretty-young-theater.ch\/index.php?rest_route=%2Fwp%2Fv2%2Fcomments&post=563"}],"version-history":[{"count":33,"href":"https:\/\/the-pretty-young-theater.ch\/index.php?rest_route=\/wp\/v2\/pages\/563\/revisions"}],"predecessor-version":[{"id":856,"href":"https:\/\/the-pretty-young-theater.ch\/index.php?rest_route=\/wp\/v2\/pages\/563\/revisions\/856"}],"wp:attachment":[{"href":"https:\/\/the-pretty-young-theater.ch\/index.php?rest_route=%2Fwp%2Fv2%2Fmedia&parent=563"}],"curies":[{"name":"wp","href":"https:\/\/api.w.org\/{rel}","templated":true}]}}